{"id":10786,"date":"2025-07-01T07:34:44","date_gmt":"2025-07-01T12:34:44","guid":{"rendered":"https:\/\/culturabrasilaustin.org\/?post_type=tribe_events&#038;p=10786"},"modified":"2025-08-06T17:39:01","modified_gmt":"2025-08-06T22:39:01","slug":"brazil-soundscapes-3","status":"publish","type":"tribe_events","link":"https:\/\/culturabrasilaustin.org\/en\/evento\/brazil-soundscapes-3","title":{"rendered":"Brazil Soundscapes 3 \u2013 Ela Desatinou: Losing My Head for Brazilian Music An Evening with Susanna Sharpe and Band"},"content":{"rendered":"<p>Ela Desatinou: Losing My Head for Brazilian Music<br \/>\nAn Evening with Susanna Sharpe and Band<\/p>\n<p>A m\u00fasica brasileira come\u00e7ou a entrar na vida de Susanna Sharpe durante a faculdade em Connecticut \u2014 mas foi ao ouvir o \u00e1lbum Chico Buarque de Holanda Volume 2 que algo se transformou. \u201cAinda me lembro de colocar a agulha no disco e ouvir os primeiros compassos. Tudo me prendeu \u2014 o ritmo do viol\u00e3o e da bateria, uns metais parecendo meio desafinados, e ent\u00e3o, a voz do Chico Buarque.\u201d<\/p>\n<p>A partir da\u00ed, Susanna embarcou numa jornada profunda: estudou portugu\u00eas intensivamente na UT Austin, mergulhou nas ra\u00edzes musicais do Brasil e passou a interpretar esse repert\u00f3rio em palcos texanos. Integrou o UT Brazilian Ensemble, foi vocalista do grupo Quizumba, e em 1988 fundou sua pr\u00f3pria banda \u2014 Susanna Sharpe and Samba Police \u2014 que marcou presen\u00e7a por mais de uma d\u00e9cada na cena musical de Austin.<\/p>\n<p>Hoje, sua rela\u00e7\u00e3o com a m\u00fasica brasileira continua apaixonada e pulsante. Nesta noite especial, Susanna celebra d\u00e9cadas de descobertas e afinidades musicais, apresentando um repert\u00f3rio cuidadosamente escolhido, ao lado de m\u00fasicos talentosos:<\/p>\n<p>Marco Antonio Santos (viol\u00f5es e arranjos)<br \/>\nPaulo Santos (sopros)<br \/>\nBen Bradshaw (baixo)<br \/>\nMichael Longoria (bateria)<br \/>\nS\u00e9rgio Santos (percuss\u00e3o)<\/p>\n<p>\ud83c\udf1f Terceira Edi\u00e7\u00e3o<br \/>\n\ud83d\udcc5 15 de Agosto<br \/>\n\ud83d\udd57 A partir das 8 PM (portas abrem \u00e0s 7h15pm)<\/p>\n<p>INGRESSOS: <a href=\"https:\/\/ticketing.events\/app\/portal\/event\/1\/13985\/cbas-brazil-soundscapes-3-susanna-sharpe\" target=\"_blank\" rel=\"noopener\">https:\/\/ticketing.events\/app\/portal\/event\/1\/13985\/cbas-brazil-soundscapes-3-susanna-sharpe<\/a><\/p>\n<p>\ud83d\udccd CBA Cultural Center \u2013 Austin, TX<\/p>\n<p>&nbsp;<\/p>\n<p>Lanches Brasileiros: Yummy Chef e Lara&#8217;s Bakery<\/p>\n<p>Cer\u00e2micas e mais: Ana Brasil Creations e Lady gifts<\/p>\n<p>Apoio: Semper laser<\/p>\n<p>&nbsp;<\/p>\n<p>Uma noite de m\u00fasica, hist\u00f3rias e conex\u00f5es culturais entre Brasil e EUA.<br \/>\n\u2728 Vem sentir essa vibe com a gente!<\/p>\n","protected":false},"excerpt":{"rendered":"<p>Ela Desatinou: Losing My Head for Brazilian Music An Evening with Susanna Sharpe and Band A m\u00fasica brasileira come\u00e7ou a entrar na vida de Susanna Sharpe durante a faculdade em [&hellip;]<\/p>\n","protected":false},"author":1,"featured_media":10965,"comment_status":"closed","ping_status":"closed","template":"","meta":{"_tribe_events_status":"","_tribe_events_status_reason":"","footnotes":""},"tags":[],"tribe_events_cat":[],"class_list":["post-10786","tribe_events","type-tribe_events","status-publish","has-post-thumbnail","hentry"],"_links":{"self":[{"href":"https:\/\/culturabrasilaustin.org\/en\/wp-json\/wp\/v2\/tribe_events\/10786","targetHints":{"allow":["GET"]}}],"collection":[{"href":"https:\/\/culturabrasilaustin.org\/en\/wp-json\/wp\/v2\/tribe_events"}],"about":[{"href":"https:\/\/culturabrasilaustin.org\/en\/wp-json\/wp\/v2\/types\/tribe_events"}],"author":[{"embeddable":true,"href":"https:\/\/culturabrasilaustin.org\/en\/wp-json\/wp\/v2\/users\/1"}],"replies":[{"embeddable":true,"href":"https:\/\/culturabrasilaustin.org\/en\/wp-json\/wp\/v2\/comments?post=10786"}],"version-history":[{"count":6,"href":"https:\/\/culturabrasilaustin.org\/en\/wp-json\/wp\/v2\/tribe_events\/10786\/revisions"}],"predecessor-version":[{"id":11143,"href":"https:\/\/culturabrasilaustin.org\/en\/wp-json\/wp\/v2\/tribe_events\/10786\/revisions\/11143"}],"wp:featuredmedia":[{"embeddable":true,"href":"https:\/\/culturabrasilaustin.org\/en\/wp-json\/wp\/v2\/media\/10965"}],"wp:attachment":[{"href":"https:\/\/culturabrasilaustin.org\/en\/wp-json\/wp\/v2\/media?parent=10786"}],"wp:term":[{"taxonomy":"post_tag","embeddable":true,"href":"https:\/\/culturabrasilaustin.org\/en\/wp-json\/wp\/v2\/tags?post=10786"},{"taxonomy":"tribe_events_cat","embeddable":true,"href":"https:\/\/culturabrasilaustin.org\/en\/wp-json\/wp\/v2\/tribe_events_cat?post=10786"}],"curies":[{"name":"wp","href":"https:\/\/api.w.org\/{rel}","templated":true}]}}

<p>Ela Desatinou: Losing My Head for Brazilian Music<br />
An Evening with Susanna Sharpe and Band</p>
<p>A música brasileira começou a entrar na vida de Susanna Sharpe durante a faculdade em Connecticut — mas foi ao ouvir o álbum Chico Buarque de Holanda Volume 2 que algo se transformou. “Ainda me lembro de colocar a agulha no disco e ouvir os primeiros compassos. Tudo me prendeu — o ritmo do violão e da bateria, uns metais parecendo meio desafinados, e então, a voz do Chico Buarque.”</p>
<p>A partir daí, Susanna embarcou numa jornada profunda: estudou português intensivamente na UT Austin, mergulhou nas raízes musicais do Brasil e passou a interpretar esse repertório em palcos texanos. Integrou o UT Brazilian Ensemble, foi vocalista do grupo Quizumba, e em 1988 fundou sua própria banda — Susanna Sharpe and Samba Police — que marcou presença por mais de uma década na cena musical de Austin.</p>
<p>Hoje, sua relação com a música brasileira continua apaixonada e pulsante. Nesta noite especial, Susanna celebra décadas de descobertas e afinidades musicais, apresentando um repertório cuidadosamente escolhido, ao lado de músicos talentosos:</p>
<p>Marco Antonio Santos (violões e arranjos)<br />
Paulo Santos (sopros)<br />
Ben Bradshaw (baixo)<br />
Michael Longoria (bateria)<br />
Sérgio Santos (percussão)</p>
<p>🌟 Terceira Edição<br />
📅 15 de Agosto<br />
🕗 A partir das 8 PM (portas abrem às 7h15pm)</p>
<p>INGRESSOS: <a href="https://ticketing.events/app/portal/event/1/13985/cbas-brazil-soundscapes-3-susanna-sharpe" target="_blank" rel="noopener">https://ticketing.events/app/portal/event/1/13985/cbas-brazil-soundscapes-3-susanna-sharpe</a></p>
<p>📍 CBA Cultural Center – Austin, TX</p>
<p>&nbsp;</p>
<p>Lanches Brasileiros: Yummy Chef e Lara&#8217;s Bakery</p>
<p>Cerâmicas e mais: Ana Brasil Creations e Lady gifts</p>
<p>Apoio: Semper laser</p>
<p>&nbsp;</p>
<p>Uma noite de música, histórias e conexões culturais entre Brasil e EUA.<br />
✨ Vem sentir essa vibe com a gente!</p>

<p>Ela Desatinou: Losing My Head for Brazilian Music An Evening with Susanna Sharpe and Band A música brasileira começou a entrar na vida de Susanna Sharpe durante a faculdade em [&hellip;]</p>
